(-2). Suppose 4*c + h = 4*a + 2*c, -2553 = -5*a - 2*c. Is a a prime number?
True
Let g(q) = 13*q**2 + 131*q - 55. Is g(46) a prime number?
True
Suppose 3*k = 7*k - 12. Let t(z) = 8 - 170*z - k + 201*z. Is t(6) a prime number?
True
Let q(o) = o + 7. Let s be (-1*28/(-2))/(-2). Let a be q(s). Is 422 - a - (-8 + 8) prime?
False
Let c(x) = 443*x**3 + 2*x**2 - x. Let a(o) = 3*o**2 - 2. Let k be a(-1). Let b be c(k). Suppose 6*y = 2*y + b. Is y a composite number?
True
Let w(j) be the second derivative of -j**5/20 + 7*j**4/4 + 23*j**3/6 - 13*j**2/2 + 17*j. Let l be w(22). Suppose 8*k = l*k - 631. Is k prime?
True
Suppose 2*c + c - 4*q = -143, 5*c + 215 = -5*q. Let b be ((-15)/c)/(7/(-3) - -2). Is (b - 11862)*(4 + -5) a composite number?
False
Let m(v) = -708*v**3 + 3*v + 2. Let b = 45 + -46. Let n be m(b). Let j = n - 330. Is j prime?
False
Let c(l) = -32*l**3 - 31*l**2 + 14*l - 15. Let n = -946 + 938. Is c(n) prime?
False
Suppose 4*s - 21504 = -0*k - 5*k, 5*s - 26880 = 5*k. Let m = s - 53. Is m a prime number?
True
Let y(a) = 5*a - 15. Let g(q) = -q + 1. Let t be g(-1). Suppose -4*s = -t*l - 14, 4*s + 5*l - 4*l - 29 = 0. Is y(s) a prime number?
False
Let o = -4867 + 4872. Let f(d) = 2*d - 1. Let p be f(4). Suppose -10155 = -5*k - 3*y, -o*k = 2*y - p*y - 10155. Is k composite?
True
Let s = 7236 + -3955. Suppose -2*a - 3*b + 758 = -s, 2*a - b - 4059 = 0. Is a prime?
True
Let t = -35176 + 99609. Is t a prime number?
True
Suppose 145221 = 2*p - 5*y, 217842 = -114*p + 117*p + 3*y. Is p prime?
True
Suppose 0 = 4*m - 2*m - 16. Let g be 1/(m/14)*88/2. Let w = 2154 + g. Is w composite?
True
Suppose -25471 = 125*r - 147*r + 3943. Let u be 2/(-4)*-1*-1588. Let k = r + u. Is k a prime number?
False
Let y(t) = 3*t - 12. Let g be y(5). Suppose -2*n + g*k + 1264 = 0, 5*k + 2037 = 3*n + 140. Let j = 1614 - n. Is j prime?
False
Let q = 39 + -37. Let c(w) = -q*w**2 + 5*w + 10*w**2 - 43 + 50. Is c(-6) a prime number?
False
Let y = 459871 + -325040. Is y a composite number?
True
Suppose -5284613 = 92*j - 21175129. Is j prime?
False
Suppose -3*s + 16494 = 283857. Is 72/108*(-2 + s/(-6)) a composite number?
False
Let a(l) = 1013*l + 22. Let x be a(6). Suppose -2294 = -6*f + x. Is f a composite number?
False
Let f be (-3 + (-12)/(-3))*67/1. Suppose -3*b - 55 + f = 0. Suppose -4*s = b*t - 488, -3*t + 0*t = -5*s + 650. Is s composite?
False
Suppose 23*g = 17554 + 14991. Suppose -5*i = -5*u - g, i + 5*u = 421 - 114. Is i composite?
True
Let l(j) = 36319*j + 3613. Is l(10) a composite number?
True
Let h = 78 - 78. Suppose 4*t + a - 1483 = -0*t, h = 4*t + 3*a - 1481. Is t a prime number?
False
Suppose 5*b + 259138 = 6*r, 0 = 4*r - 5*b - 149147 - 23605. Is r prime?
False
Let n(u) = u**3 + 5*u**2 - 9*u - 12. Let o be n(-6). Suppose 2*s - 2*f - 446 = 0, -o*f + 2*f = 3*s - 690. Let w = s - 104. Is w a composite number?
True
Suppose 0 = 5*l + 5*j - 2400835, -4*l + 532*j + 1920668 = 529*j. Is l a composite number?
False
Suppose 7640 = -33*q + 28*q. Let j = q + 4827. Is j a prime number?
True
Suppose 3*z + 4*q + 559 = 0, -78*q = 5*z - 77*q + 909. Let r be (0 + -36)/(2/20). Let l = z - r. Is l a composite number?
False
Let u(r) = -18*r**2 + 3*r + 7. Let i be 4/8 + 14/(-4). Let q be u(i). Is (5/(10/(-7)))/(2/q) a composite number?
True
Let f(h) = 7547*h - 141. Is f(4) prime?
True
Suppose -5*j + 3*w + 935 = 0, j - w + 731 = 5*j. Let t be j/(-18) - (-22)/99. Is -514*(-3 - t/4) a composite number?
False
Suppose 10*c + 3*r + 7 = 15*c, -3*c + 10 = 4*r. Suppose -56403 + 13928 = -c*v + m, 2*m = 3*v - 63711. Is v a prime number?
False
Is (12/(-7))/(-6) + 89914284/252 prime?
True
Suppose -3*p = -8 - 1. Suppose 2*u + 36 = a, 2*a - 75 = p*u + 2*u. Suppose a*l - 35*l = -1105. Is l prime?
False
Let o(q) be the third derivative of 3*q**6/10 + 7*q**5/60 - q**4/6 + 31*q**3/6 - q**2 - 35. Is o(6) composite?
True
Suppose -15 = -22*w + 205. Suppose -w*n + 4*z = -13*n + 39533, -4*n + 52674 = -2*z. Is n a prime number?
True
Suppose -74583 = -758*d + 755*d. Is d prime?
False
Suppose -39241617 = 339*g - 187038498. Is g a prime number?
False
Suppose 0 = -28*n + 1917927 + 4566565. Is n a composite number?
False
Suppose 5*n + 63 = 4*n. Is 771*3/2*(-14)/n composite?
False
Let s be 1112374/114 + (-2)/(-6). Let v = s + -5385. Is v composite?
False
Let s be 5 - (-3)/(-3 - -6). Let c be -2 - (3 - s - -7). Is c/4*(-4016)/24 prime?
True
Suppose -2386*k + 2464*k = 19339242. Is k a composite number?
False
Let b be 14/(-49) + 90/21. Suppose -3 = v, 3*h - b*v + 2704 = 29539. Is h prime?
True
Let y be ((-90)/(-12))/(-5)*3704/6. Let i = y - -6103. Is i prime?
False
Let x(n) = -3*n**3 - 15*n**2 + 14*n + 21. Let s(v) = -10*v**3 - 44*v**2 + 41*v + 64. Let t(b) = 2*s(b) - 7*x(b). Is t(15) a composite number?
True
Suppose 5*p + 963*q = 962*q + 118766, 2*q = 2*p - 47504. Is p composite?
False
Suppose -57*a + 59*a - 469362 = -4*b, 0 = -5*b + 5. Is a composite?
True
Let d(f) = 2*f**2 + 45*f + 7. Let p be d(-24). Suppose 4*o - p = 637. Is o a composite number?
False
Suppose -93129 = -15*n + 164436. Suppose n = 33*v - 22*v. Is v prime?
False
Suppose 3*g + 5*z = 1469, 0*z = 5*g + 4*z - 2444. Suppose 0 = j + 172 + 129. Let p = j + g. Is p a prime number?
False
Suppose 30*c - 173 = -23. Suppose 0 = 4*d + 4*f - 18429 - 29395, d = c*f + 11962. Is d composite?
True
Suppose 2832844 = 150*f + 926794. Is f a prime number?
False
Suppose 120 = 35*f - 11*f. Suppose f*i - 4*p = 1243, 2*p + 735 = 3*i + 5*p. Is i a prime number?
False
Suppose 4*i - 10222 - 3346 = 4*m, -2*i + m = -6782. Let w = i - 1872. Let a = w + -1031. Is a composite?
False
Suppose -88*h = -89*h - 806. Let f = h - -1305. Is f composite?
False
Let k(b) = -b**2 - 35*b - 75. Let a(m) = -2*m. Let x(v) = 5*a(v) - k(v). Is x(-29) a composite number?
False
Suppose 0 = -16*f + 1232784 + 370454 + 230730. Is f prime?
False
Let i(y) = y**3 + 6*y + 9 - 10*y**2 - 31 + 6*y. Let n be i(9). Suppose -n*b = -4*k - 3515, -k + 1419 = -b + 3*b. Is b a composite number?
True
Let y(i) = 487*i**2 + 341*i - 9. Is y(-7) a composite number?
False
Let t(q) = -2*q**3 - 11*q**2 - 5*q - 10. Let p be t(-5). Let j(a) = -3*a**3 - 5*a**2 + 19*a + 11. Is j(p) composite?
True
Let t(n) = 48*n**2 + 10*n + 129. Is t(14) prime?
True
Is 8179/(8/(-1 + 89)) prime?
False
Let q = 1296 + -655. Suppose -23*l + 22*l = -q. Is l a composite number?
False
Let w(x) = 10*x - 8. Let c be w(8). Let y be 9/c - (-10941)/24. Suppose -233 - y = -o. Is o a prime number?
False
Suppose 4*m - 1149160 = -4*g, 287287 = 3*g - 2*g + 4*m. Is g prime?
True
Suppose -a + 23 = 4*l - 8, 3*l = 3*a - 18. Let m(u) = 21*u + 40. Is m(a) prime?
True
Let s = 3663 + 327. Suppose -4*q + s = -7446. Is q prime?
False
Let j = 16571 - -6366. Is j prime?
True
Suppose 3*r = 6*r - 222. Let u = r + -74. Suppose -2*h + 0*h + 422 = u. Is h a prime number?
True
Let w(x) = x**3 - 3*x - 2. Let t be w(2). Suppose t*a - 40 = -5*a. Suppose a*h - 1615 = 3*h. Is h composite?
True
Suppose -145*f + 10278958 + 15569908 = 181*f. Is f prime?
False
Is ((1 - -1)/(2/1))/(238/199709846) composite?
False
Suppose 30 = -671*r + 677*r. Suppose 0 = -c + 5*c - r*j - 11757, 2*j + 10 = 0. Is c a prime number?
False
Let r = -152 - -99. Let s = 63 + r. Suppose -4*t - 2034 = -s*t. Is t composite?
True
Suppose 0 = -8*m - 2 + 42. Suppose 0 = -m*j - 2*w - 3*w + 39975, 5*j - 39993 = 4*w. Is j composite?
True
Suppose 4*k + l = -3*l + 20, -3*k = 4*l - 16. Suppose -3*z = -4*z + 2106. Suppose -k*s = -9122 - z. Is s composite?
True
Let h = 866 + -556. Let q = 667 + -836. Let m = h - q. Is m a prime number?
True
Let w(z) = z**3 + 5*z**2 + 6*z + 7. Let l be w(-4). Let j be 0 + (-2 - -3) - 13534/l. Suppose 5*t - j = 2*i, 0 = 4*t + i + 2*i - 10828. Is t prime?
True
Let r be (-2 - 155/15)*411. Let x = r + 8787. Let d = x - 2445. Is d a prime number?
False
Suppose -2*l - 54 = -29*l. Suppose -18*r - 72711 = -21*r + 2*y, 2*r + l*y = 48484. Is r prime?
True
Suppose -6*f + 2*x - 1505 = -5*f, 0 = -f + x - 1504. Let n = 3712 + f. Is n composite?
True
Suppose -b + 1 = -5*c, 3*c = 2*c + 2. Let p(n) = -19 + 10 + 33*n - n - 9 + b*n**2. Is p(13) prime?
False
Let r = 63 + -65. Let m be (21/(-63))/(r/24). Is 6/10 - ((-6302)/5 + m) prime?
False
Let n(p) = 155*p - 11. Let y be -3 - (-3)/((-6)/(-14)). Suppose -35 = y*q - 